{"id":386,"date":"2017-11-02T09:53:02","date_gmt":"2017-11-02T08:53:02","guid":{"rendered":"http:\/\/juraferien.pietra.ch\/?page_id=386"},"modified":"2020-11-10T19:48:11","modified_gmt":"2020-11-10T18:48:11","slug":"mignon","status":"publish","type":"page","link":"https:\/\/juraferien.ch\/?page_id=386","title":{"rendered":"Mignon"},"content":{"rendered":"<p style=\"text-align: center;\">Kennst du das Land, wo die Zitronen bl\u00fch&#8217;n,<br>Im dunkeln Laub die Goldorangen gl\u00fch&#8217;n,<br>Ein sanfter Wind vom blauen Himmel weht,<br>Die Myrte still und hoch der Lorbeer steht,<\/p>\n<p>Dahin! Dahin<br>M\u00f6cht&#8216; ich mit dir, o mein Geliebter, zieh&#8217;n.&nbsp; (J.W.G.)<\/p>\n<p><\/p>\n<p>Das charmante Holzh\u00fcttchen MIGNON steht an der Pforte zum Geh\u00f6ft Kamo. Darin liegen K\u00fcche, Holzofen, Essplatz sowie ein Schlafsofa ebenerdig, der obere Schlafboden ist \u00fcber eine Leiter erreichbar. Insgesamt passend f\u00fcr ca. 4 Personen. Geschirrsp\u00fclen &amp; Duschen &amp; K\u00fchlschrank zentral in Hofn\u00e4he. WC: Komposttoilette. Holzterrasse nach S\u00fcden, davor die Feuerstelle. (Das H\u00e4uschen ist w\u00e4rmeisoliert, l\u00e4sst sich mit einem eisernen Kanonenofen heizen.)<\/p>\n<p>Das H\u00e4uschen kann auch gut mit Zelten erweitert werden.<\/p>\n<figure id=\"attachment_588\" aria-describedby=\"caption-attachment-588\" style=\"width: 525px\" class=\"wp-caption alignnone\"><img loading=\"lazy\" decoding=\"async\" class=\"size-large wp-image-588\" src=\"https:\/\/juraferien.ch\/wp-content\/uploads\/2018\/09\/storchennest-etc-012-1024x768.jpg\" alt=\"\" width=\"525\" height=\"394\"><figcaption id=\"caption-attachment-588\" class=\"wp-caption-text\">Platz f\u00fcr 4-5 Pers.<\/figcaption><\/figure>\n<figure id=\"attachment_589\" aria-describedby=\"caption-attachment-589\" style=\"width: 613px\" class=\"wp-caption alignnone\"><img loading=\"lazy\" decoding=\"async\" class=\" wp-image-589\" src=\"https:\/\/juraferien.ch\/wp-content\/uploads\/2018\/09\/storchennest-etc-017-1024x768.jpg\" alt=\"\" width=\"613\" height=\"460\"><figcaption id=\"caption-attachment-589\" class=\"wp-caption-text\">kuschelig ! (Oberer Schlafbereich mit zwei Matrazen)<\/figcaption><\/figure>\n\n\n<figure class=\"wp-block-image\"><img loading=\"lazy\" decoding=\"async\" width=\"768\" height=\"1024\" src=\"https:\/\/juraferien.ch\/wp-content\/uploads\/2019\/01\/storchennest-etc-036-768x1024.jpg\" alt=\"\" class=\"wp-image-686\" srcset=\"https:\/\/juraferien.ch\/wp-content\/uploads\/2019\/01\/storchennest-etc-036-768x1024.jpg 768w, https:\/\/juraferien.ch\/wp-content\/uploads\/2019\/01\/storchennest-etc-036-225x300.jpg 225w, https:\/\/juraferien.ch\/wp-content\/uploads\/2019\/01\/storchennest-etc-036.jpg 1728w\" sizes=\"auto, (max-width: 767px) 89vw, (max-width: 1000px) 54vw, (max-width: 1071px) 543px, 580px\" \/><\/figure>\n\n\n\n<figure class=\"wp-block-image\"><img loading=\"lazy\" decoding=\"async\" width=\"1024\" height=\"768\" src=\"https:\/\/juraferien.ch\/wp-content\/uploads\/2019\/01\/storchennest-etc-045-1024x768.jpg\" alt=\"\" class=\"wp-image-687\" srcset=\"https:\/\/juraferien.ch\/wp-content\/uploads\/2019\/01\/storchennest-etc-045-1024x768.jpg 1024w, https:\/\/juraferien.ch\/wp-content\/uploads\/2019\/01\/storchennest-etc-045-300x225.jpg 300w, https:\/\/juraferien.ch\/wp-content\/uploads\/2019\/01\/storchennest-etc-045-768x576.jpg 768w\" sizes=\"auto, (max-width: 767px) 89vw, (max-width: 1000px) 54vw, (max-width: 1071px) 543px, 580px\" \/><\/figure>\n\n\n\n<figure class=\"wp-block-image is-resized\"><img loading=\"lazy\" decoding=\"async\" src=\"https:\/\/juraferien.ch\/wp-content\/uploads\/2019\/01\/cul-des-Plaines.jpg\" alt=\"\" class=\"wp-image-688\" width=\"966\" height=\"722\" srcset=\"https:\/\/juraferien.ch\/wp-content\/uploads\/2019\/01\/cul-des-Plaines.jpg 368w, https:\/\/juraferien.ch\/wp-content\/uploads\/2019\/01\/cul-des-Plaines-300x224.jpg 300w\" sizes=\"auto, (max-width: 767px) 89vw, (max-width: 1000px) 54vw, (max-width: 1071px) 543px, 580px\" \/><figcaption>Blick von &#8222;Mignon&#8220; nach S\u00fcdosten<\/figcaption><\/figure>\n\n\n\n<figure class=\"wp-block-image\"><img loading=\"lazy\" decoding=\"async\" width=\"1024\" height=\"768\" src=\"https:\/\/juraferien.ch\/wp-content\/uploads\/2019\/01\/maier-047-1024x768.jpg\" alt=\"\" class=\"wp-image-703\" srcset=\"https:\/\/juraferien.ch\/wp-content\/uploads\/2019\/01\/maier-047-1024x768.jpg 1024w, https:\/\/juraferien.ch\/wp-content\/uploads\/2019\/01\/maier-047-300x225.jpg 300w, https:\/\/juraferien.ch\/wp-content\/uploads\/2019\/01\/maier-047-768x576.jpg 768w\" sizes=\"auto, (max-width: 767px) 89vw, (max-width: 1000px) 54vw, (max-width: 1071px) 543px, 580px\" \/><figcaption>Bauskizze Mignon S\u00fcdseite,  Diagonalverschalung&#8230;.<\/figcaption><\/figure>\n\n\n\n<figure class=\"wp-block-image\"><img loading=\"lazy\" decoding=\"async\" width=\"1024\" height=\"768\" src=\"https:\/\/juraferien.ch\/wp-content\/uploads\/2019\/01\/Ansicht2_Holzh\u00fc\u00fcsli3-1024x768.jpg\" alt=\"\" class=\"wp-image-705\" srcset=\"https:\/\/juraferien.ch\/wp-content\/uploads\/2019\/01\/Ansicht2_Holzh\u00fc\u00fcsli3-1024x768.jpg 1024w, https:\/\/juraferien.ch\/wp-content\/uploads\/2019\/01\/Ansicht2_Holzh\u00fc\u00fcsli3-300x225.jpg 300w, https:\/\/juraferien.ch\/wp-content\/uploads\/2019\/01\/Ansicht2_Holzh\u00fc\u00fcsli3-768x576.jpg 768w\" sizes=\"auto, (max-width: 767px) 89vw, (max-width: 1000px) 54vw, (max-width: 1071px) 543px, 580px\" \/><figcaption>&#8230;. im Bau<\/figcaption><\/figure>\n\n\n\n<blockquote class=\"wp-block-quote has-text-align-center is-layout-flow wp-block-quote-is-layout-flow\"><p> <br>Mignon <br><br>Kennst du das Land, wo die Zitronen bl\u00fch&#8217;n,<br>Im dunkeln Laub die Goldorangen gl\u00fch&#8217;n,<br>Ein sanfter Wind vom blauen Himmel weht,<br>Die Myrte still und hoch der Lorbeer steht,<br>&nbsp;<br>Dahin! Dahin<br>M\u00f6cht&#8216; ich mit dir, o mein Geliebter, zieh&#8217;n.<br>&nbsp;<br>Kennst du das Haus? Auf S\u00e4ulen ruht sein Dach,<br>Es gl\u00e4nzt der Saal, es schimmert das Gemach,<br>Und Marmorbilder stehn und seh&#8217;n mich an:<br>Was hat man dir, du armes Kind, getan?<br>Kennst du es wohl?<br>Dahin! Dahin<br>M\u00f6cht ich mit dir, o mein Besch\u00fctzer, zieh&#8217;n.<br>&nbsp;<br>Kennst du den Berg und seinen Wolkensteg?<br>Das Maultier sucht im Nebel seinen Weg;<br>In H\u00f6hlen wohnt der Drachen alte Brut;<br>Es st\u00fcrzt der Fels und \u00fcber ihn die Flut.<br>Kennst du ihn wohl?<br>Dahin! Dahin<br>Geht unser Weg! o Vater, la\u00df uns zieh&#8217;n! <\/p><p><\/p><cite>(J.W.Goethe in <em>Wilhelm Meisters Lehr- und Wanderjahre<\/em>)<\/cite><\/blockquote>\n\n\n\n<figure class=\"wp-block-image size-large\"><img loading=\"lazy\" decoding=\"async\" width=\"768\" height=\"1024\" src=\"https:\/\/www.juraferien.ch\/wp-content\/uploads\/2020\/11\/IMG_2979-768x1024.jpg\" alt=\"\" class=\"wp-image-1389\" srcset=\"https:\/\/juraferien.ch\/wp-content\/uploads\/2020\/11\/IMG_2979-768x1024.jpg 768w, https:\/\/juraferien.ch\/wp-content\/uploads\/2020\/11\/IMG_2979-225x300.jpg 225w, https:\/\/juraferien.ch\/wp-content\/uploads\/2020\/11\/IMG_2979-1152x1536.jpg 1152w, https:\/\/juraferien.ch\/wp-content\/uploads\/2020\/11\/IMG_2979-1536x2048.jpg 1536w, https:\/\/juraferien.ch\/wp-content\/uploads\/2020\/11\/IMG_2979-scaled.jpg 1920w\" sizes=\"auto, (max-width: 767px) 89vw, (max-width: 1000px) 54vw, (max-width: 1071px) 543px, 580px\" \/><figcaption>&#8222;Mignon&#8220; befindet sich im Bereich der Steinsetzungen entlang der ehemaligen R\u00f6merstrasse, die quer durch das Kamo-Gel\u00e4nde f\u00fchrt. Das Aquarell portr\u00e4tiert einen der Steinbl\u00f6cke.<\/figcaption><\/figure>\n","protected":false},"excerpt":{"rendered":"<p>Kennst du das Land, wo die Zitronen bl\u00fch&#8217;n,Im dunkeln Laub die Goldorangen gl\u00fch&#8217;n,Ein sanfter Wind vom blauen Himmel weht,Die Myrte still und hoch der Lorbeer steht, Dahin! DahinM\u00f6cht&#8216; ich mit dir, o mein Geliebter, zieh&#8217;n.&nbsp; (J.W.G.) Das charmante Holzh\u00fcttchen MIGNON steht an der Pforte zum Geh\u00f6ft Kamo. Darin liegen K\u00fcche, Holzofen, Essplatz sowie ein Schlafsofa &hellip; <\/p>\n<p class=\"link-more\"><a href=\"https:\/\/juraferien.ch\/?page_id=386\" class=\"more-link\"><span class=\"screen-reader-text\">\u201eMignon\u201c<\/span> weiterlesen<\/a><\/p>\n","protected":false},"author":1,"featured_media":594,"parent":8,"menu_order":0,"comment_status":"closed","ping_status":"closed","template":"","meta":{"_monsterinsights_skip_tracking":false,"_monsterinsights_sitenote_active":false,"_monsterinsights_sitenote_note":"","_monsterinsights_sitenote_category":0,"footnotes":""},"class_list":["post-386","page","type-page","status-publish","has-post-thumbnail","hentry"],"_links":{"self":[{"href":"https:\/\/juraferien.ch\/index.php?rest_route=\/wp\/v2\/pages\/386","targetHints":{"allow":["GET"]}}],"collection":[{"href":"https:\/\/juraferien.ch\/index.php?rest_route=\/wp\/v2\/pages"}],"about":[{"href":"https:\/\/juraferien.ch\/index.php?rest_route=\/wp\/v2\/types\/page"}],"author":[{"embeddable":true,"href":"https:\/\/juraferien.ch\/index.php?rest_route=\/wp\/v2\/users\/1"}],"replies":[{"embeddable":true,"href":"https:\/\/juraferien.ch\/index.php?rest_route=%2Fwp%2Fv2%2Fcomments&post=386"}],"version-history":[{"count":18,"href":"https:\/\/juraferien.ch\/index.php?rest_route=\/wp\/v2\/pages\/386\/revisions"}],"predecessor-version":[{"id":1391,"href":"https:\/\/juraferien.ch\/index.php?rest_route=\/wp\/v2\/pages\/386\/revisions\/1391"}],"up":[{"embeddable":true,"href":"https:\/\/juraferien.ch\/index.php?rest_route=\/wp\/v2\/pages\/8"}],"wp:featuredmedia":[{"embeddable":true,"href":"https:\/\/juraferien.ch\/index.php?rest_route=\/wp\/v2\/media\/594"}],"wp:attachment":[{"href":"https:\/\/juraferien.ch\/index.php?rest_route=%2Fwp%2Fv2%2Fmedia&parent=386"}],"curies":[{"name":"wp","href":"https:\/\/api.w.org\/{rel}","templated":true}]}}

<p style="text-align: center;">Kennst du das Land, wo die Zitronen blüh&#8217;n,<br>Im dunkeln Laub die Goldorangen glüh&#8217;n,<br>Ein sanfter Wind vom blauen Himmel weht,<br>Die Myrte still und hoch der Lorbeer steht,</p>
<p>Dahin! Dahin<br>Möcht&#8216; ich mit dir, o mein Geliebter, zieh&#8217;n.&nbsp; (J.W.G.)</p>
<p></p>
<p>Das charmante Holzhüttchen MIGNON steht an der Pforte zum Gehöft Kamo. Darin liegen Küche, Holzofen, Essplatz sowie ein Schlafsofa ebenerdig, der obere Schlafboden ist über eine Leiter erreichbar. Insgesamt passend für ca. 4 Personen. Geschirrspülen &amp; Duschen &amp; Kühlschrank zentral in Hofnähe. WC: Komposttoilette. Holzterrasse nach Süden, davor die Feuerstelle. (Das Häuschen ist wärmeisoliert, lässt sich mit einem eisernen Kanonenofen heizen.)</p>
<p>Das Häuschen kann auch gut mit Zelten erweitert werden.</p>
<figure id="attachment_588" aria-describedby="caption-attachment-588" style="width: 525px" class="wp-caption alignnone"><img loading="lazy" decoding="async" class="size-large wp-image-588" src="https://juraferien.ch/wp-content/uploads/2018/09/storchennest-etc-012-1024x768.jpg" alt="" width="525" height="394"><figcaption id="caption-attachment-588" class="wp-caption-text">Platz für 4-5 Pers.</figcaption></figure>
<figure id="attachment_589" aria-describedby="caption-attachment-589" style="width: 613px" class="wp-caption alignnone"><img loading="lazy" decoding="async" class=" wp-image-589" src="https://juraferien.ch/wp-content/uploads/2018/09/storchennest-etc-017-1024x768.jpg" alt="" width="613" height="460"><figcaption id="caption-attachment-589" class="wp-caption-text">kuschelig ! (Oberer Schlafbereich mit zwei Matrazen)</figcaption></figure>


<figure class="wp-block-image"><img loading="lazy" decoding="async" width="768" height="1024" src="https://juraferien.ch/wp-content/uploads/2019/01/storchennest-etc-036-768x1024.jpg" alt="" class="wp-image-686" srcset="https://juraferien.ch/wp-content/uploads/2019/01/storchennest-etc-036-768x1024.jpg 768w, https://juraferien.ch/wp-content/uploads/2019/01/storchennest-etc-036-225x300.jpg 225w, https://juraferien.ch/wp-content/uploads/2019/01/storchennest-etc-036.jpg 1728w" sizes="auto, (max-width: 767px) 89vw, (max-width: 1000px) 54vw, (max-width: 1071px) 543px, 580px" /></figure>



<figure class="wp-block-image"><img loading="lazy" decoding="async" width="1024" height="768" src="https://juraferien.ch/wp-content/uploads/2019/01/storchennest-etc-045-1024x768.jpg" alt="" class="wp-image-687" srcset="https://juraferien.ch/wp-content/uploads/2019/01/storchennest-etc-045-1024x768.jpg 1024w, https://juraferien.ch/wp-content/uploads/2019/01/storchennest-etc-045-300x225.jpg 300w, https://juraferien.ch/wp-content/uploads/2019/01/storchennest-etc-045-768x576.jpg 768w" sizes="auto, (max-width: 767px) 89vw, (max-width: 1000px) 54vw, (max-width: 1071px) 543px, 580px" /></figure>



<figure class="wp-block-image is-resized"><img loading="lazy" decoding="async" src="https://juraferien.ch/wp-content/uploads/2019/01/cul-des-Plaines.jpg" alt="" class="wp-image-688" width="966" height="722" srcset="https://juraferien.ch/wp-content/uploads/2019/01/cul-des-Plaines.jpg 368w, https://juraferien.ch/wp-content/uploads/2019/01/cul-des-Plaines-300x224.jpg 300w" sizes="auto, (max-width: 767px) 89vw, (max-width: 1000px) 54vw, (max-width: 1071px) 543px, 580px" /><figcaption>Blick von &#8222;Mignon&#8220; nach Südosten</figcaption></figure>



<figure class="wp-block-image"><img loading="lazy" decoding="async" width="1024" height="768" src="https://juraferien.ch/wp-content/uploads/2019/01/maier-047-1024x768.jpg" alt="" class="wp-image-703" srcset="https://juraferien.ch/wp-content/uploads/2019/01/maier-047-1024x768.jpg 1024w, https://juraferien.ch/wp-content/uploads/2019/01/maier-047-300x225.jpg 300w, https://juraferien.ch/wp-content/uploads/2019/01/maier-047-768x576.jpg 768w" sizes="auto, (max-width: 767px) 89vw, (max-width: 1000px) 54vw, (max-width: 1071px) 543px, 580px" /><figcaption>Bauskizze Mignon Südseite,  Diagonalverschalung&#8230;.</figcaption></figure>



<figure class="wp-block-image"><img loading="lazy" decoding="async" width="1024" height="768" src="https://juraferien.ch/wp-content/uploads/2019/01/Ansicht2_Holzhüüsli3-1024x768.jpg" alt="" class="wp-image-705" srcset="https://juraferien.ch/wp-content/uploads/2019/01/Ansicht2_Holzhüüsli3-1024x768.jpg 1024w, https://juraferien.ch/wp-content/uploads/2019/01/Ansicht2_Holzhüüsli3-300x225.jpg 300w, https://juraferien.ch/wp-content/uploads/2019/01/Ansicht2_Holzhüüsli3-768x576.jpg 768w" sizes="auto, (max-width: 767px) 89vw, (max-width: 1000px) 54vw, (max-width: 1071px) 543px, 580px" /><figcaption>&#8230;. im Bau</figcaption></figure>



<blockquote class="wp-block-quote has-text-align-center is-layout-flow wp-block-quote-is-layout-flow"><p> <br>Mignon <br><br>Kennst du das Land, wo die Zitronen blüh&#8217;n,<br>Im dunkeln Laub die Goldorangen glüh&#8217;n,<br>Ein sanfter Wind vom blauen Himmel weht,<br>Die Myrte still und hoch der Lorbeer steht,<br>&nbsp;<br>Dahin! Dahin<br>Möcht&#8216; ich mit dir, o mein Geliebter, zieh&#8217;n.<br>&nbsp;<br>Kennst du das Haus? Auf Säulen ruht sein Dach,<br>Es glänzt der Saal, es schimmert das Gemach,<br>Und Marmorbilder stehn und seh&#8217;n mich an:<br>Was hat man dir, du armes Kind, getan?<br>Kennst du es wohl?<br>Dahin! Dahin<br>Möcht ich mit dir, o mein Beschützer, zieh&#8217;n.<br>&nbsp;<br>Kennst du den Berg und seinen Wolkensteg?<br>Das Maultier sucht im Nebel seinen Weg;<br>In Höhlen wohnt der Drachen alte Brut;<br>Es stürzt der Fels und über ihn die Flut.<br>Kennst du ihn wohl?<br>Dahin! Dahin<br>Geht unser Weg! o Vater, laß uns zieh&#8217;n! </p><p></p><cite>(J.W.Goethe in <em>Wilhelm Meisters Lehr- und Wanderjahre</em>)</cite></blockquote>



<figure class="wp-block-image size-large"><img loading="lazy" decoding="async" width="768" height="1024" src="https://www.juraferien.ch/wp-content/uploads/2020/11/IMG_2979-768x1024.jpg" alt="" class="wp-image-1389" srcset="https://juraferien.ch/wp-content/uploads/2020/11/IMG_2979-768x1024.jpg 768w, https://juraferien.ch/wp-content/uploads/2020/11/IMG_2979-225x300.jpg 225w, https://juraferien.ch/wp-content/uploads/2020/11/IMG_2979-1152x1536.jpg 1152w, https://juraferien.ch/wp-content/uploads/2020/11/IMG_2979-1536x2048.jpg 1536w, https://juraferien.ch/wp-content/uploads/2020/11/IMG_2979-scaled.jpg 1920w" sizes="auto, (max-width: 767px) 89vw, (max-width: 1000px) 54vw, (max-width: 1071px) 543px, 580px" /><figcaption>&#8222;Mignon&#8220; befindet sich im Bereich der Steinsetzungen entlang der ehemaligen Römerstrasse, die quer durch das Kamo-Gelände führt. Das Aquarell porträtiert einen der Steinblöcke.</figcaption></figure>

<p>Kennst du das Land, wo die Zitronen blüh&#8217;n,Im dunkeln Laub die Goldorangen glüh&#8217;n,Ein sanfter Wind vom blauen Himmel weht,Die Myrte still und hoch der Lorbeer steht, Dahin! DahinMöcht&#8216; ich mit dir, o mein Geliebter, zieh&#8217;n.&nbsp; (J.W.G.) Das charmante Holzhüttchen MIGNON steht an der Pforte zum Gehöft Kamo. Darin liegen Küche, Holzofen, Essplatz sowie ein Schlafsofa &hellip; </p>
<p class="link-more"><a href="https://juraferien.ch/?page_id=386" class="more-link"><span class="screen-reader-text">„Mignon“</span> weiterlesen</a></p>
