{"id":391,"date":"2017-11-02T09:58:16","date_gmt":"2017-11-02T08:58:16","guid":{"rendered":"http:\/\/juraferien.pietra.ch\/?page_id=391"},"modified":"2019-01-11T18:39:09","modified_gmt":"2019-01-11T17:39:09","slug":"cosima","status":"publish","type":"page","link":"https:\/\/juraferien.ch\/?page_id=391","title":{"rendered":"Cosima"},"content":{"rendered":"<p style=\"text-align: left;\">Die h\u00f6chstgelegene Unterkunft auf Kamo liegt auf einer Terasse am Hang oberhalb des Geh\u00f6ftes, unter zwei uralten Birnb\u00e4umen. Der Ausblick auf die Lomont-Berge ist einzigartig. Im &#8222;Cosima&#8220; k\u00f6nnen 3-5&nbsp; Personen unterkommen; das Holzh\u00e4uschen kann auch mit Zelten davor erweitert werden. Ausr\u00fcstung mit Gas- und Holzherd; Essplatz und Schlafsofa (Ausziehbares Bett f\u00fcr zwei erw.Personen) ebenerdig; eine Schlafgalerie mit gro\u00dfer Matraze ist \u00fcber eine Leiter erreichbar. Ein Wasserhahn befindet sich gleich neben dem H\u00e4uschen; Geschirrsp\u00fclen, Duschen besorgt man auch in Hofn\u00e4he, dort auch ein K\u00fchlschrank. WC: Komposttoilette (ebenfalls mit bester Aussicht!). Vorgelagert die Terrasse und eine gro\u00dfe Feuerstelle.<\/p>\n<p style=\"text-align: left;\"><img loading=\"lazy\" decoding=\"async\" class=\" wp-image-554 aligncenter\" src=\"https:\/\/juraferien.ch\/wp-content\/uploads\/2018\/08\/DSC_3999-1024x683.jpg\" alt=\"\" width=\"608\" height=\"405\" srcset=\"https:\/\/juraferien.ch\/wp-content\/uploads\/2018\/08\/DSC_3999-1024x683.jpg 1024w, https:\/\/juraferien.ch\/wp-content\/uploads\/2018\/08\/DSC_3999-300x200.jpg 300w, https:\/\/juraferien.ch\/wp-content\/uploads\/2018\/08\/DSC_3999-768x512.jpg 768w\" sizes=\"auto, (max-width: 608px) 100vw, 608px\" \/><\/p>\n<p>Blick auf Cosima von Norden<\/p>\n<p style=\"text-align: left;\"><img loading=\"lazy\" decoding=\"async\" class=\" wp-image-552 aligncenter\" src=\"https:\/\/juraferien.ch\/wp-content\/uploads\/2018\/08\/DSC_3988-1024x683.jpg\" alt=\"\" width=\"594\" height=\"396\" srcset=\"https:\/\/juraferien.ch\/wp-content\/uploads\/2018\/08\/DSC_3988-1024x683.jpg 1024w, https:\/\/juraferien.ch\/wp-content\/uploads\/2018\/08\/DSC_3988-300x200.jpg 300w, https:\/\/juraferien.ch\/wp-content\/uploads\/2018\/08\/DSC_3988-768x512.jpg 768w\" sizes=\"auto, (max-width: 594px) 100vw, 594px\" \/><\/p>\n<p>Essecke, Gasrechaud und Holzkochherd<\/p>\n<p style=\"text-align: left;\"><img loading=\"lazy\" decoding=\"async\" class=\"aligncenter wp-image-553 size-large\" src=\"https:\/\/juraferien.ch\/wp-content\/uploads\/2018\/08\/DSC_3990-e1534845905654-683x1024.jpg\" alt=\"\" width=\"525\" height=\"787\" srcset=\"https:\/\/juraferien.ch\/wp-content\/uploads\/2018\/08\/DSC_3990-e1534845905654-683x1024.jpg 683w, https:\/\/juraferien.ch\/wp-content\/uploads\/2018\/08\/DSC_3990-e1534845905654-200x300.jpg 200w, https:\/\/juraferien.ch\/wp-content\/uploads\/2018\/08\/DSC_3990-e1534845905654-768x1151.jpg 768w\" sizes=\"auto, (max-width: 525px) 100vw, 525px\" \/><\/p>\n<p>oberer Schlafbereich mit gro\u00dfer Matraze, darunter ein ausziehbares Bett 2 Pers.<\/p>\n<p style=\"text-align: left;\"><img loading=\"lazy\" decoding=\"async\" class=\"aligncenter wp-image-556 size-large\" src=\"https:\/\/juraferien.ch\/wp-content\/uploads\/2018\/08\/DSC_4002-e1534845928830-683x1024.jpg\" alt=\"\" width=\"525\" height=\"787\" srcset=\"https:\/\/juraferien.ch\/wp-content\/uploads\/2018\/08\/DSC_4002-e1534845928830-683x1024.jpg 683w, https:\/\/juraferien.ch\/wp-content\/uploads\/2018\/08\/DSC_4002-e1534845928830-200x300.jpg 200w, https:\/\/juraferien.ch\/wp-content\/uploads\/2018\/08\/DSC_4002-e1534845928830-768x1151.jpg 768w\" sizes=\"auto, (max-width: 525px) 100vw, 525px\" \/><\/p>\n\n\n<figure class=\"wp-block-image is-resized\"><img loading=\"lazy\" decoding=\"async\" src=\"https:\/\/juraferien.ch\/wp-content\/uploads\/2019\/01\/storchennest-etc-120-1024x637.jpg\" alt=\"\" class=\"wp-image-693\" width=\"1041\" height=\"647\" srcset=\"https:\/\/juraferien.ch\/wp-content\/uploads\/2019\/01\/storchennest-etc-120-1024x637.jpg 1024w, https:\/\/juraferien.ch\/wp-content\/uploads\/2019\/01\/storchennest-etc-120-300x187.jpg 300w, https:\/\/juraferien.ch\/wp-content\/uploads\/2019\/01\/storchennest-etc-120-768x478.jpg 768w\" sizes=\"auto, (max-width: 767px) 89vw, (max-width: 1000px) 54vw, (max-width: 1071px) 543px, 580px\" \/><figcaption>Weitblick nach Nordosten auf die Lomont-Kette<\/figcaption><\/figure>\n\n\n\n<figure class=\"wp-block-image\"><img loading=\"lazy\" decoding=\"async\" width=\"1024\" height=\"768\" src=\"https:\/\/juraferien.ch\/wp-content\/uploads\/2019\/01\/storchennest-etc-112-1024x768.jpg\" alt=\"\" class=\"wp-image-696\" srcset=\"https:\/\/juraferien.ch\/wp-content\/uploads\/2019\/01\/storchennest-etc-112-1024x768.jpg 1024w, https:\/\/juraferien.ch\/wp-content\/uploads\/2019\/01\/storchennest-etc-112-300x225.jpg 300w, https:\/\/juraferien.ch\/wp-content\/uploads\/2019\/01\/storchennest-etc-112-768x576.jpg 768w\" sizes=\"auto, (max-width: 767px) 89vw, (max-width: 1000px) 54vw, (max-width: 1071px) 543px, 580px\" \/><figcaption>&#8222;Belvedere&#8220;, die Komposttoilette, ca. 40m neben Cosima<\/figcaption><\/figure>\n\n\n\n<figure class=\"wp-block-image is-resized\"><img loading=\"lazy\" decoding=\"async\" src=\"https:\/\/juraferien.ch\/wp-content\/uploads\/2019\/01\/166-6602_IMG-1024x768.jpg\" alt=\"\" class=\"wp-image-741\" width=\"862\" height=\"647\" srcset=\"https:\/\/juraferien.ch\/wp-content\/uploads\/2019\/01\/166-6602_IMG-1024x768.jpg 1024w, https:\/\/juraferien.ch\/wp-content\/uploads\/2019\/01\/166-6602_IMG-300x225.jpg 300w, https:\/\/juraferien.ch\/wp-content\/uploads\/2019\/01\/166-6602_IMG-768x576.jpg 768w, https:\/\/juraferien.ch\/wp-content\/uploads\/2019\/01\/166-6602_IMG.jpg 1600w\" sizes=\"auto, (max-width: 767px) 89vw, (max-width: 1000px) 54vw, (max-width: 1071px) 543px, 580px\" \/><figcaption>Feuerstelle<\/figcaption><\/figure>\n\n\n\n<figure class=\"wp-block-image\"><img loading=\"lazy\" decoding=\"async\" width=\"768\" height=\"1024\" src=\"https:\/\/juraferien.ch\/wp-content\/uploads\/2019\/01\/166-6605_IMG-768x1024.jpg\" alt=\"\" class=\"wp-image-743\" srcset=\"https:\/\/juraferien.ch\/wp-content\/uploads\/2019\/01\/166-6605_IMG-768x1024.jpg 768w, https:\/\/juraferien.ch\/wp-content\/uploads\/2019\/01\/166-6605_IMG-225x300.jpg 225w, https:\/\/juraferien.ch\/wp-content\/uploads\/2019\/01\/166-6605_IMG.jpg 1200w\" sizes=\"auto, (max-width: 767px) 89vw, (max-width: 1000px) 54vw, (max-width: 1071px) 543px, 580px\" \/><figcaption><strong>Holzherd<\/strong><\/figcaption><\/figure>\n","protected":false},"excerpt":{"rendered":"<p>Die h\u00f6chstgelegene Unterkunft auf Kamo liegt auf einer Terasse am Hang oberhalb des Geh\u00f6ftes, unter zwei uralten Birnb\u00e4umen. Der Ausblick auf die Lomont-Berge ist einzigartig. Im &#8222;Cosima&#8220; k\u00f6nnen 3-5&nbsp; Personen unterkommen; das Holzh\u00e4uschen kann auch mit Zelten davor erweitert werden. Ausr\u00fcstung mit Gas- und Holzherd; Essplatz und Schlafsofa (Ausziehbares Bett f\u00fcr zwei erw.Personen) ebenerdig; eine &hellip; <\/p>\n<p class=\"link-more\"><a href=\"https:\/\/juraferien.ch\/?page_id=391\" class=\"more-link\"><span class=\"screen-reader-text\">\u201eCosima\u201c<\/span> weiterlesen<\/a><\/p>\n","protected":false},"author":1,"featured_media":555,"parent":8,"menu_order":0,"comment_status":"closed","ping_status":"closed","template":"","meta":{"_monsterinsights_skip_tracking":false,"_monsterinsights_sitenote_active":false,"_monsterinsights_sitenote_note":"","_monsterinsights_sitenote_category":0,"footnotes":""},"class_list":["post-391","page","type-page","status-publish","has-post-thumbnail","hentry"],"_links":{"self":[{"href":"https:\/\/juraferien.ch\/index.php?rest_route=\/wp\/v2\/pages\/391","targetHints":{"allow":["GET"]}}],"collection":[{"href":"https:\/\/juraferien.ch\/index.php?rest_route=\/wp\/v2\/pages"}],"about":[{"href":"https:\/\/juraferien.ch\/index.php?rest_route=\/wp\/v2\/types\/page"}],"author":[{"embeddable":true,"href":"https:\/\/juraferien.ch\/index.php?rest_route=\/wp\/v2\/users\/1"}],"replies":[{"embeddable":true,"href":"https:\/\/juraferien.ch\/index.php?rest_route=%2Fwp%2Fv2%2Fcomments&post=391"}],"version-history":[{"count":16,"href":"https:\/\/juraferien.ch\/index.php?rest_route=\/wp\/v2\/pages\/391\/revisions"}],"predecessor-version":[{"id":744,"href":"https:\/\/juraferien.ch\/index.php?rest_route=\/wp\/v2\/pages\/391\/revisions\/744"}],"up":[{"embeddable":true,"href":"https:\/\/juraferien.ch\/index.php?rest_route=\/wp\/v2\/pages\/8"}],"wp:featuredmedia":[{"embeddable":true,"href":"https:\/\/juraferien.ch\/index.php?rest_route=\/wp\/v2\/media\/555"}],"wp:attachment":[{"href":"https:\/\/juraferien.ch\/index.php?rest_route=%2Fwp%2Fv2%2Fmedia&parent=391"}],"curies":[{"name":"wp","href":"https:\/\/api.w.org\/{rel}","templated":true}]}}