{"id":395,"date":"2017-11-02T10:01:58","date_gmt":"2017-11-02T09:01:58","guid":{"rendered":"http:\/\/juraferien.pietra.ch\/?page_id=395"},"modified":"2023-02-19T12:14:04","modified_gmt":"2023-02-19T11:14:04","slug":"mirador","status":"publish","type":"page","link":"https:\/\/juraferien.ch\/?page_id=395","title":{"rendered":"Mirador"},"content":{"rendered":"\n<figure class=\"wp-block-image is-resized\"><img loading=\"lazy\" decoding=\"async\" src=\"https:\/\/juraferien.ch\/wp-content\/uploads\/2017\/10\/P9020170-2.jpg\" alt=\"\" class=\"wp-image-70\" width=\"882\" height=\"658\" srcset=\"https:\/\/juraferien.ch\/wp-content\/uploads\/2017\/10\/P9020170-2.jpg 442w, https:\/\/juraferien.ch\/wp-content\/uploads\/2017\/10\/P9020170-2-300x224.jpg 300w\" sizes=\"auto, (max-width: 767px) 89vw, (max-width: 1000px) 54vw, (max-width: 1071px) 543px, 580px\" \/><figcaption class=\"wp-element-caption\">Blick vom Mirador nach Osten<\/figcaption><\/figure>\n\n\n\n<p><\/p>\n\n\n<p>Mirador &#8211; mi amor<\/p>\n<p>Vielleicht das abenteuerlichstes Geb\u00e4ude auf Kamo: ein &#8222;Keltenturm&#8220; mit Rundblick, architektonisches Kuriosum, im S\u00fcden des Hofes. Wohnen f\u00fcr ca. 6 Personen auf 4 Ebenen mit K\u00fcche im EG (K\u00fchlschrank, Gasherd, etc.) , Esszimmer im 1. OG, Schlafen dort und im 2. OG, ganz oben eine \u00fcberdachte Terrasse (3. OG). Geschirrsp\u00fclen und Duschen in einem Holzh\u00e4uschen mit Solardach neben dem Turm. WC: Komposttoilette. Grosse Holztore der Sommerk\u00fcche \u00f6ffnen sich zur Wiese, drau\u00dfen ein gem\u00fctlicher gro\u00dfer Feuerplatz. F\u00fcr gr\u00f6\u00dfere Gruppen kann auch unmittelbar neben dem Turm gezeltet werden.<\/p>\n<p><img loading=\"lazy\" decoding=\"async\" class=\"size-large wp-image-569 aligncenter\" src=\"https:\/\/juraferien.ch\/wp-content\/uploads\/2018\/08\/DSC_3914-1024x683.jpg\" alt=\"\" width=\"525\" height=\"350\" \/><\/p>\n<p><img loading=\"lazy\" decoding=\"async\" class=\"wp-image-568 size-large aligncenter\" src=\"https:\/\/juraferien.ch\/wp-content\/uploads\/2018\/08\/DSC_3910-e1534847309503-683x1024.jpg\" alt=\"\" width=\"525\" height=\"787\" \/><\/p>\n<p><img loading=\"lazy\" decoding=\"async\" class=\"aligncenter wp-image-567 size-large\" src=\"https:\/\/juraferien.ch\/wp-content\/uploads\/2018\/08\/DSC_3905-e1534847331653-683x1024.jpg\" alt=\"\" width=\"525\" height=\"787\" \/><\/p>\n<p>\u00a0<\/p>\n\n\n<figure class=\"wp-block-image is-resized\"><img loading=\"lazy\" decoding=\"async\" src=\"https:\/\/juraferien.ch\/wp-content\/uploads\/2017\/11\/SAM_2405-683x1024.jpg\" alt=\"\" class=\"wp-image-396\" width=\"277\" height=\"415\" srcset=\"https:\/\/juraferien.ch\/wp-content\/uploads\/2017\/11\/SAM_2405-683x1024.jpg 683w, https:\/\/juraferien.ch\/wp-content\/uploads\/2017\/11\/SAM_2405-200x300.jpg 200w, https:\/\/juraferien.ch\/wp-content\/uploads\/2017\/11\/SAM_2405-768x1152.jpg 768w\" sizes=\"auto, (max-width: 277px) 100vw, 277px\" \/><figcaption class=\"wp-element-caption\">&#8222;Architektur&#8220;? Abenteuerlicher geht&#8217;s nicht. .<\/figcaption><\/figure>\n\n\n\n<figure class=\"wp-block-image\"><img loading=\"lazy\" decoding=\"async\" width=\"1024\" height=\"683\" src=\"https:\/\/juraferien.ch\/wp-content\/uploads\/2017\/10\/SAM_2417-1024x683.jpg\" alt=\"\" class=\"wp-image-375\" srcset=\"https:\/\/juraferien.ch\/wp-content\/uploads\/2017\/10\/SAM_2417-1024x683.jpg 1024w, https:\/\/juraferien.ch\/wp-content\/uploads\/2017\/10\/SAM_2417-300x200.jpg 300w, https:\/\/juraferien.ch\/wp-content\/uploads\/2017\/10\/SAM_2417-768x512.jpg 768w\" sizes=\"auto, (max-width: 767px) 89vw, (max-width: 1000px) 54vw, (max-width: 1071px) 543px, 580px\" \/><figcaption class=\"wp-element-caption\">Detail Eingangstor unten<\/figcaption><\/figure>\n\n\n\n<figure class=\"wp-block-image size-large\"><img loading=\"lazy\" decoding=\"async\" width=\"1024\" height=\"768\" src=\"https:\/\/www.juraferien.ch\/wp-content\/uploads\/2020\/11\/9f0a2bb2-7fda-4591-93d0-a5dfb0d1eee1-1024x768.jpg\" alt=\"\" class=\"wp-image-1386\" srcset=\"https:\/\/juraferien.ch\/wp-content\/uploads\/2020\/11\/9f0a2bb2-7fda-4591-93d0-a5dfb0d1eee1-1024x768.jpg 1024w, https:\/\/juraferien.ch\/wp-content\/uploads\/2020\/11\/9f0a2bb2-7fda-4591-93d0-a5dfb0d1eee1-300x225.jpg 300w, https:\/\/juraferien.ch\/wp-content\/uploads\/2020\/11\/9f0a2bb2-7fda-4591-93d0-a5dfb0d1eee1-768x576.jpg 768w, https:\/\/juraferien.ch\/wp-content\/uploads\/2020\/11\/9f0a2bb2-7fda-4591-93d0-a5dfb0d1eee1-1536x1152.jpg 1536w, https:\/\/juraferien.ch\/wp-content\/uploads\/2020\/11\/9f0a2bb2-7fda-4591-93d0-a5dfb0d1eee1-rotated.jpg 2048w\" sizes=\"auto, (max-width: 767px) 89vw, (max-width: 1000px) 54vw, (max-width: 1071px) 543px, 580px\" \/><figcaption class=\"wp-element-caption\">Blick auf den &#8222;Mirador&#8220;, von S\u00fcden<\/figcaption><\/figure>\n\n\n\n<p><\/p>\n","protected":false},"excerpt":{"rendered":"<p>Mirador &#8211; mi amor Vielleicht das abenteuerlichstes Geb\u00e4ude auf Kamo: ein &#8222;Keltenturm&#8220; mit Rundblick, architektonisches Kuriosum, im S\u00fcden des Hofes. Wohnen f\u00fcr ca. 6 Personen auf 4 Ebenen mit K\u00fcche im EG (K\u00fchlschrank, Gasherd, etc.) , Esszimmer im 1. OG, Schlafen dort und im 2. OG, ganz oben eine \u00fcberdachte Terrasse (3. OG). Geschirrsp\u00fclen und &hellip; <\/p>\n<p class=\"link-more\"><a href=\"https:\/\/juraferien.ch\/?page_id=395\" class=\"more-link\"><span class=\"screen-reader-text\">\u201eMirador\u201c<\/span> weiterlesen<\/a><\/p>\n","protected":false},"author":1,"featured_media":566,"parent":8,"menu_order":0,"comment_status":"closed","ping_status":"closed","template":"","meta":{"_monsterinsights_skip_tracking":false,"_monsterinsights_sitenote_active":false,"_monsterinsights_sitenote_note":"","_monsterinsights_sitenote_category":0,"footnotes":""},"class_list":["post-395","page","type-page","status-publish","has-post-thumbnail","hentry"],"_links":{"self":[{"href":"https:\/\/juraferien.ch\/index.php?rest_route=\/wp\/v2\/pages\/395","targetHints":{"allow":["GET"]}}],"collection":[{"href":"https:\/\/juraferien.ch\/index.php?rest_route=\/wp\/v2\/pages"}],"about":[{"href":"https:\/\/juraferien.ch\/index.php?rest_route=\/wp\/v2\/types\/page"}],"author":[{"embeddable":true,"href":"https:\/\/juraferien.ch\/index.php?rest_route=\/wp\/v2\/users\/1"}],"replies":[{"embeddable":true,"href":"https:\/\/juraferien.ch\/index.php?rest_route=%2Fwp%2Fv2%2Fcomments&post=395"}],"version-history":[{"count":12,"href":"https:\/\/juraferien.ch\/index.php?rest_route=\/wp\/v2\/pages\/395\/revisions"}],"predecessor-version":[{"id":1824,"href":"https:\/\/juraferien.ch\/index.php?rest_route=\/wp\/v2\/pages\/395\/revisions\/1824"}],"up":[{"embeddable":true,"href":"https:\/\/juraferien.ch\/index.php?rest_route=\/wp\/v2\/pages\/8"}],"wp:featuredmedia":[{"embeddable":true,"href":"https:\/\/juraferien.ch\/index.php?rest_route=\/wp\/v2\/media\/566"}],"wp:attachment":[{"href":"https:\/\/juraferien.ch\/index.php?rest_route=%2Fwp%2Fv2%2Fmedia&parent=395"}],"curies":[{"name":"wp","href":"https:\/\/api.w.org\/{rel}","templated":true}]}}